{"id":14,"date":"2014-12-01T11:32:34","date_gmt":"2014-12-01T11:32:34","guid":{"rendered":"http:\/\/www.centrulrezidentialacasa.ro\/?page_id=14"},"modified":"2018-03-16T10:23:34","modified_gmt":"2018-03-16T10:23:34","slug":"inscriere","status":"publish","type":"page","link":"https:\/\/www.centrulrezidentialacasa.ro\/?page_id=14","title":{"rendered":"Inscriere"},"content":{"rendered":"<div class=\"section cover \"><div class=\"row normal\"><div class=\"vc_col-sm-12\"><div class=\"element \"  ><div class=\"vc_empty_space\"  style=\"height: 32px\" ><span class=\"vc_empty_space_inner\"><\/span><\/div>\n\n<div class=\"vc_custom_heading wpb_content_element\" ><h2 style=\"color: #000000;text-align: left;font-family:Abril Fatface;font-weight:400;font-style:normal\">FORMULAR DE INSCRIERE<\/h2><\/div>\n<div class=\"wpcf7 no-js\" id=\"wpcf7-f355-o1\" lang=\"ro-RO\" dir=\"ltr\">\n<div class=\"screen-reader-response\"><p role=\"status\" aria-live=\"polite\" aria-atomic=\"true\"><\/p> <ul><\/ul><\/div>\n<form action=\"\/index.php?rest_route=%2Fwp%2Fv2%2Fpages%2F14#wpcf7-f355-o1\" method=\"post\" class=\"wpcf7-form init\" aria-label=\"Contact form\" novalidate=\"novalidate\" data-status=\"init\">\n<div style=\"display: none;\">\n<input type=\"hidden\" name=\"_wpcf7\" value=\"355\" \/>\n<input type=\"hidden\" name=\"_wpcf7_version\" value=\"5.9.4\" \/>\n<input type=\"hidden\" name=\"_wpcf7_locale\" value=\"ro_RO\" \/>\n<input type=\"hidden\" name=\"_wpcf7_unit_tag\" value=\"wpcf7-f355-o1\" \/>\n<input type=\"hidden\" name=\"_wpcf7_container_post\" value=\"0\" \/>\n<input type=\"hidden\" name=\"_wpcf7_posted_data_hash\" value=\"\" \/>\n<\/div>\n<p>Nume si prenume\n<\/p>\n<p><span class=\"wpcf7-form-control-wrap\" data-name=\"your-name\"><input size=\"40\" class=\"wpcf7-form-control wpcf7-text wpcf7-validates-as-required\" aria-required=\"true\" aria-invalid=\"false\" value=\"\" type=\"text\" name=\"your-name\" \/><\/span>\n<\/p>\n<p>Nr. telefon\n<\/p>\n<p><span class=\"wpcf7-form-control-wrap\" data-name=\"your-number\"><input size=\"40\" class=\"wpcf7-form-control wpcf7-text wpcf7-validates-as-required\" aria-required=\"true\" aria-invalid=\"false\" value=\"\" type=\"text\" name=\"your-number\" \/><\/span>\n<\/p>\n<p>Persoana pentru care<br \/>\nse face inscrierea\n<\/p>\n<p><span class=\"wpcf7-form-control-wrap\" data-name=\"your-subject\"><input size=\"40\" class=\"wpcf7-form-control wpcf7-text wpcf7-validates-as-required\" aria-required=\"true\" aria-invalid=\"false\" value=\"\" type=\"text\" name=\"your-subject\" \/><\/span>\n<\/p>\n<p>Situatia socio-medicala\n<\/p>\n<p><span class=\"wpcf7-form-control-wrap\" data-name=\"socio-medicala\"><input size=\"40\" class=\"wpcf7-form-control wpcf7-text wpcf7-validates-as-required\" aria-required=\"true\" aria-invalid=\"false\" value=\"\" type=\"text\" name=\"socio-medicala\" \/><\/span>\n<\/p>\n<p>Varsta\n<\/p>\n<p><span class=\"wpcf7-form-control-wrap\" data-name=\"your-info\"><input size=\"40\" class=\"wpcf7-form-control wpcf7-text wpcf7-validates-as-required\" aria-required=\"true\" aria-invalid=\"false\" value=\"\" type=\"text\" name=\"your-info\" \/><\/span>\n<\/p>\n<p><input class=\"wpcf7-form-control wpcf7-submit has-spinner\" type=\"submit\" value=\"Trimite\" \/>\n<\/p><div class=\"wpcf7-response-output\" aria-hidden=\"true\"><\/div>\n<\/form>\n<\/div>\n<div class=\"vc_empty_space\"  style=\"height: 32px\" ><span class=\"vc_empty_space_inner\"><\/span><\/div>\n\n<div class=\"vc_custom_heading wpb_content_element\" ><h2 style=\"color: #000000;text-align: left;font-family:Abril Fatface;font-weight:400;font-style:normal\">DOSAR INSCRIERE<\/h2><\/div>\n\t<div class=\"wpb_text_column wpb_content_element \">\n\t\t<div class=\"wpb_wrapper\">\n\t\t\t<p style=\"text-align: left;\"><strong>Urm\u0103toarele elemente sunt necesare \u00een vederea realiz\u0103rii dosarului necesar pentru cazarea \u00een cadrul Centrului Reziden\u0163ial Acas\u0103<\/strong><\/p>\n\n\t\t<\/div> \n\t<\/div> <div class=\"iconbox clearfix nornal \"><div class=\"iconbox-icon\"><i class=\"fa fa-bell\"><\/i><\/div><div class=\"iconbox-content\"><h4 class=\"bottom-10\">Copie carte de identitate beneficiar;<\/h4><div class=\"iconbox-content-p\"><\/div><\/div><\/div><div class=\"iconbox clearfix nornal \"><div class=\"iconbox-icon\"><i class=\"fa fa-bell\"><\/i><\/div><div class=\"iconbox-content\"><h4 class=\"bottom-10\">Anchet\u0103 social\u0103 de la Serviciul Public de Asisten\u0163\u0103 Social\u0103 de la domiciliul beneficiarului;<\/h4><div class=\"iconbox-content-p\"><\/div><\/div><\/div><div class=\"iconbox clearfix nornal \"><div class=\"iconbox-icon\"><i class=\"fa fa-bell\"><\/i><\/div><div class=\"iconbox-content\"><h4 class=\"bottom-10\">Acte medicale (ultima scrisoare medicala).<\/h4><div class=\"iconbox-content-p\"><\/div><\/div><\/div><div class=\"vc_empty_space\"  style=\"height: 32px\" ><span class=\"vc_empty_space_inner\"><\/span><\/div>\n\n<\/div><\/div><\/div><\/div>\n","protected":false},"excerpt":{"rendered":"FORMULAR DE INSCRIERE Nume si prenume Nr. telefon Persoana pentru care se face inscrierea Situatia socio-medicala Varsta DOSAR INSCRIERE Urm\u0103toarele elemente sunt necesare \u00een vederea realiz\u0103rii dosarului necesar pentru cazarea...","protected":false},"author":1,"featured_media":0,"parent":0,"menu_order":4,"comment_status":"closed","ping_status":"closed","template":"","meta":{"footnotes":""},"jetpack_sharing_enabled":true,"_links":{"self":[{"href":"https:\/\/www.centrulrezidentialacasa.ro\/index.php?rest_route=\/wp\/v2\/pages\/14"}],"collection":[{"href":"https:\/\/www.centrulrezidentialacasa.ro\/index.php?rest_route=\/wp\/v2\/pages"}],"about":[{"href":"https:\/\/www.centrulrezidentialacasa.ro\/index.php?rest_route=\/wp\/v2\/types\/page"}],"author":[{"embeddable":true,"href":"https:\/\/www.centrulrezidentialacasa.ro\/index.php?rest_route=\/wp\/v2\/users\/1"}],"replies":[{"embeddable":true,"href":"https:\/\/www.centrulrezidentialacasa.ro\/index.php?rest_route=%2Fwp%2Fv2%2Fcomments&post=14"}],"version-history":[{"count":13,"href":"https:\/\/www.centrulrezidentialacasa.ro\/index.php?rest_route=\/wp\/v2\/pages\/14\/revisions"}],"predecessor-version":[{"id":673,"href":"https:\/\/www.centrulrezidentialacasa.ro\/index.php?rest_route=\/wp\/v2\/pages\/14\/revisions\/673"}],"wp:attachment":[{"href":"https:\/\/www.centrulrezidentialacasa.ro\/index.php?rest_route=%2Fwp%2Fv2%2Fmedia&parent=14"}],"curies":[{"name":"wp","href":"https:\/\/api.w.org\/{rel}","templated":true}]}}